1020?
10002122222000
In base 10, what is 211987 + -908?
211079
In base 2, what is -10 - -1001101101000001010111?
1001101101000001010101
In base 14, what is -2acdc3 + 9?
-2acdb8
In base 2, what is -1001 - 11101010011100101110?
-11101010011100110111
In base 7, what is -3326514644 - 5?
-3326514652
In base 8, what is 766 - 327525?
-326537
In base 9, what is -387 + -370773?
-371271
In base 14, what is 7 - -78323?
7832a
In base 14, what is 830 - -1411?
1c41
In base 15, what is 2983b7 + 1c?
2983d4
In base 5, what is 431343 - -103314?
1040212
In base 3, what is 10 - -10022210221012?
10022210221022
In base 13, what is -530 - 9c20a?
-9c73a
In base 16, what is -ee2 - b49?
-1a2b
In base 7, what is -34 + 4305242?
4305205
In base 6, what is 2512055 + -123?
2511532
In base 7, what is 4 - -42131613?
42131620
In base 2, what is 1101111011011001101111000 + -10000?
1101111011011001101101000
In base 14, what is -254 + 2d0c2?
2cc6c
In base 8, what is -1231 + 412070?
410637
In base 7, what is -10251 + 232300?
222016
In base 8, what is 1467675 - 335?
1467340
In base 6, what is -120023553 - -21?
-120023532
In base 16, what is -7 - -857ca5?
857c9e
In base 10, what is 0 - 68232760?
-68232760
In base 16, what is 926d - -45?
92b2
In base 6, what is -431 + -122300?
-123131
In base 9, what is 7 + -31157876?
-31157868
In base 6, what is -142525 + -5554?
-152523
In base 3, what is -100220112201 - 201?
-100220120102
In base 11, what is 431366 - -35?
4313a0
In base 5, what is 242031 - -4244131?
10041212
In base 13, what is 54 - -190328c?
1903313
In base 3, what is -12111122 - 21111?
-12210010
In base 14, what is -428 + -db03b?
-db465
In base 6, what is -12 - 12510045?
-12510101
In base 13, what is 0 - -974763b?
974763b
In base 10, what is 11265 - 60?
11205
In base 7, what is 20 + -13406231?
-13406211
In base 3, what is 11 - -1100021111210021?
1100021111210102
In base 2, what is -10010001011011001001 - 11100?
-10010001011011100101
In base 3, what is 122102022000111 - 2?
122102022000102
In base 8, what is 156 + 170161?
170337
In base 16, what is 20 - 108b2?
-10892
In base 11, what is 14a90 - 14a?
14941
In base 5, what is 103133 + -2220341?
-2112203
In base 6, what is 12 + 144053515?
144053531
In base 2, what is 1111001101000 + 1011011111?
10000101000111
In base 8, what is -3507344 - -25?
-3507317
In base 13, what is 23 + 6477?
649a
In base 9, what is 565 - -8127?
8703
In base 13, what is 314541 - -317?
314858
In base 7, what is -1 + -645034565?
-645034566
In base 5, what is 1 + 1340142144?
1340142200
In base 15, what is 153168 - 8?
153160
In base 12, what is -161081 - -3?
-16107a
In base 11, what is 131 - -23426?
23557
In base 14, what is -b170223 + -5?
-b170228
In base 13, what is -3 + c8a1a?
c8a17
In base 2, what is 110100000100 + -10001111110010?
-1011011101110
In base 8, what is -162 + -21716657?
-21717041
In base 3, what is -101001012000001 + -200?
-101001012000201
In base 9, what is 3145 + 12517?
15663
In base 10, what is -684546186 - 5?
-684546191
In base 3, what is -100000210101200 + -1012?
-100000210102212
In base 16, what is 189165 + 2?
189167
In base 11, what is -1 + -130184704?
-130184705
In base 4, what is -10113330 - 1102000?
-11221330
In base 7, what is -653 + -2536410?
-2540363
In base 3, what is 12102 - -2011102210211?
2011110000020
In base 14, what is 2 - 9320b?
-93209
In base 12, what is -3a07 + a23?
-2ba4
In base 14, what is -115 - 326c9?
-32800
In base 7, what is 3 + -3663434643?
-3663434640
In base 7, what is 4 - 632541034?
-632541030
In base 16, what is -15a14 + -77?
-15a8b
In base 14, what is -4ac6a3 - -5c?
-4ac645
In base 4, what is -3122 - 123023?
-132211
In base 14, what is -5c999 - -29?
-5c970
In base 15, what is -378 + -219dc?
-21d65
In base 6, what is 5 + 211153040?
211153045
In base 16, what is 1 + -2214038?
-2214037
In base 11, what is 253335 + 2a?
253364
In base 16, what is -33 + 1f65cd?
1f659a
In base 2, what is -1100101111110 + 11111001?
-1100010000101
In base 7, what is 23642523 + -142?
23642351
In base 16, what is 22d6b4 + 10?
22d6c4
In base 10, what is 0 - 376089?
-376089
In base 4, what is 11 - -1100213120303?
1100213120320
In base 3, what is 2011021101 + -2111002?
2001210022
In base 11, what is 55558 + 3?
55560
In base 9, what is -6467458 + 3?
-6467455
In base 15, what is -1881 + -5ee2?
-7873
In base 16, what is -1b + 5a0f5b?
5a0f40
In base 5, what is 20 - -2241130001?
2241130021
In base 14, what is 6 + -3063b5?
-3063ad
In base 15, what is -4e4d1a - 0?
-4e4d1a
In base 3, what is -12210021 - 2121022?
-22101120
In base 14, what is 1380 - -165?
1505
In base 4, what is 13 + 1330312112?
1330312131
In base 7, what is 161 - -1161211?
1161402
In base 11, what is 18 - -1352210?
1352228
In base 6, what is 1503101201 + 50?
1503101251
In base 8, what is 21201 - 1735?
17244
In base 6, what is 11 + -350225231?
-350225220
In base 8, what is -5745777 - -1?
-5745776
In base 8, what is 1614421 + -12?
1614407
In base 5, what is 14323033312 + 1?
14323033313
In base 7, what is 653 + -2201011?
-2200025
In base 4, what is -1323 + 22221003332?
22221002003
In base 6, what is 14 - 24122333?
-24122315
In base 9, what is 34364 + 73?
34447
In base 8, what is 17551 + 105267?
125040
In base 9, what is 2 - 13242203?
-13242201
In base 11, what is 157575 + 11?
157586
In base 8, what is -2371 + -17014?
-21405
In base 11, what is 5006437 + 8?
5006444
In base 8, what is 4 - 4466445?
-4466441
In base 11, what is 2 - 85a4072?
-85a4070
In base 6, what is 31525310 - -21?
31525331
In base 7, what is 1 + -10150426?
-10150425
In base 10, what is 5 - -7466644?
7466649
In base 15, what is 33bac - -7d?
33c3a
In base 8, what is -7 + 5570734?
5570725
In base 7, what is 3133 + 10404?
13540
In base 8, what is 310536 - 54?
310462
In base 12, what is -1a888a + -3a?
-1a8908
In base 14, what is 739 + -3382?
-2a47
In base 15, what is 12dac + -5?
12da7
In base 12, what is -4 - -260b27b?
260b277
In base 7, what is -2224 + 6214?
3660
In base 14, what is 13b5b - 25?
13b36
In base 3, what is 2 - 102112202222022012?
-102112202222022010
In base 13, what is -3519532b - 0?
-3519532b
In base 6, what is 52310420551 + 1?
52310420552
In base 12, what is -5483a + 161?
-54699
In base 13, what is -355a + 16?
-3544
In base 11, what is -13a - -4808a?
47a50
In base 12, what is 18 - 844220?
-844204
In base 9, what is -118776356 + 3?
-118776353
In base 4, what is 20301 - -20312012?
20332313
In base 13, what is a0633 - -473?
a0aa6
In base 6, what is -14004 + -4231?
-22235
In base 16, what is -17f58 - -7c?
-17edc
In base 5, what is -13410110 + 2233?
-13402322
In base 7, what is 2653 - -1150?
4133
In base 8, what is 45124 + 124?
45250
In base 7, what is -4 - -361612460?
361612453
In base 12, what is 405b8111 - -4?
405b8115
In base 16, what is 134 - 7956?
-7822
In base 2, what is -1001 + -10111000110000001111011100?
-10111000110000001111100101
In base 3, what is -1022221 - 21022102201?
-21100202122
In base 4, what is -121310000303 + 200?
-121310000103
In base 5, what is 30 - -1033142432?
1033143012
In base 9, what is -830 + 53440?
52510
In base 5, what is -4240024013 + -110?
-4240024123
In base 14, what is b334 + 229?
b55d
In base 6, what is 324 + 135130510?
135131234
In base 7, what is -14 - -3410051?
3410034
In base 5, what is -131404243 - 103?
-131404401
In base 5, what is 3200 + -101020301?
-101012101
In base 15, what is -152 + 5485?
5333
In base 6, what is 4 - 323440122?
-323440114
In base 2, what is 10000101110111000111000 + 1011?
10000101110111001000011
In base 6, what is 552500 - 320?
552140
In base 6, what is -3103455053 + 0?
-3103455053
In base 11, what is 103877 + 1237?
105003
In base 12, what is -8 + 8846?
883a
In base 8, what is -4205 - 21354?
-25561
In base 5, what is -13342 + -2312443?
-2331340
In base 4, what is 11 - -1111311021210?
1111311021221
In base 3, what is -12011002221 - -10121?
-12010222100
In base 16, what is -6352 - 1230?
-7582
In base 10, what is 1574785 + 11?
1574796
In base 6, what is 42 + -341530434?
-341530352
In base 2, what is 11000 - 1111111011111100?
-1111111011100100
In base 12, what is 6887159 - -7?
6887164
In base 4, what is -103 - 1033223210030?
-1033223210133
In base 8, what is 34343 - -314257?
350622
In base 14, what is -85251 + -4?
-85255
In base 4, what is 11333231011 -